-g**2 + 3398*g + 857621. Calculate n(-236).
-3
Let i(p) = -1955120*p - 15640963. Give i(-8).
-3
Let a(s) = -514*s - 57313. Determine a(-110).
-773
Let d(l) = -302867*l - 33315357. Determine d(-110).
13
Let r(j) = 2976*j - 107038. Give r(35).
-2878
Let b(c) = -48908*c - 293430. What is b(-6)?
18
Let a(s) = 169*s**2 - 6095*s - 43. Give a(36).
-439
Let d(c) = -477*c - 63812. Give d(-136).
1060
Let v(t) = -10*t**3 + 5*t**2 - 123*t - 713. Give v(-6).
2365
Let s(q) = 122526*q - 857669. Calculate s(7).
13
Let k(m) = 187*m**2 + 28469*m - 21723. Give k(-153).
3
Let p(c) = 17*c**3 + 33*c**2 + 2316*c + 4637. What is p(-2)?
1
Let n(x) = 2*x**3 - 397*x**2 + 2482*x + 2655. Determine n(192).
-33
Let q(a) = -a**2 - 461*a + 9140. Determine q(20).
-480
Let v(z) = -502*z - 14403. Give v(-28).
-347
Let l(o) = 6*o**3 - 338*o**2 + 3114*o - 190496. Give l(57).
-2
Let w(n) = -638*n - 7305. Determine w(-11).
-287
Let m(c) = -c**2 + 3933*c + 296500. Calculate m(-74).
-18
Let m(g) = 187*g + 2275. Give m(-12).
31
Let v(d) = -44704*d - 1296429. Give v(-29).
-13
Let v(d) = -d**3 - 127*d**2 + 3048*d + 359870. What is v(-129)?
-40
Let j(p) = 4305*p**2 + 17238*p + 8. Give j(-4).
-64
Let t(w) = -w**3 - 494*w**2 - 51982*w + 331. Calculate t(-342).
-353
Let q(n) = 2*n**3 - 71*n**2 + 98*n - 47. Calculate q(34).
-183
Let g(l) = -19*l**2 - 303*l - 1842. Determine g(-6).
-708
Let l(k) = -4850*k - 151054. Determine l(-31).
-704
Let d(t) = -3*t**2 + 1781*t - 167316. Determine d(117).
-6
Let u(p) = 2180*p - 14245. Determine u(6).
-1165
Let h(b) = 192*b**3 + 575*b**2 - 95*b - 306. Give h(-3).
-30
Let z(u) = -523*u + 30078. Determine z(58).
-256
Let z(b) = -474*b + 19948. What is z(42)?
40
Let o(t) = 88929*t - 21165107. What is o(238)?
-5
Let t(r) = -r**3 + 35*r**2 + 102*r - 4412. What is t(34)?
212
Let x(s) = -141483*s + 282968. Determine x(2).
2
Let f(x) = -15*x - 2460. Give f(-171).
105
Let k(p) = -37*p**2 - 1574*p - 6932. Give k(-5).
13
Let k(a) = -2*a**3 - 59*a**2 - 546*a - 9443. Determine k(-26).
21
Let r(v) = -3*v**3 - 128*v**2 + 409*v - 2260. Determine r(-46).
86
Let n(k) = 959*k + 8803. Determine n(-9).
172
Let r(j) = -2103*j + 124097. Calculate r(59).
20
Let r(a) = -a**3 - 10*a**2 + 100*a + 1257. Determine r(-15).
882
Let y(g) = -130015*g + 780062. Determine y(6).
-28
Let p(m) = m**3 - 430*m**2 - 635*m - 98984. Determine p(432).
-56
Let l(b) = -26425*b - 105693. Determine l(-4).
7
Let c(l) = -8727*l - 79491. Determine c(-9).
-948
Let x(u) = -3*u**3 + 112*u**2 + 49*u + 1094. Calculate x(38).
68
Let d(l) = -l**3 - 23*l**2 + 37*l - 605. Determine d(-26).
461
Let a(t) = 5727*t - 85888. What is a(15)?
17
Let r(b) = -b**3 - 309*b**2 - 16865*b + 7845. What is r(-238)?
-9
Let k(p) = -12119*p - 448395. Determine k(-37).
8
Let b(k) = -2*k**3 + 726*k**2 + 671*k + 20755. Determine b(364).
7
Let q(u) = 11*u**2 - 811*u + 11616. Calculate q(54).
-102
Let u(n) = -19460*n - 700440. Give u(-36).
120
Let w(q) = -59*q**3 + 456*q**2 + 34*q - 1. Calculate w(8).
-753
Let x(h) = -15778*h + 1893362. Give x(120).
2
Let r(i) = -4724*i - 250380. Determine r(-53).
-8
Let t(n) = -15930*n + 63902. Calculate t(4).
182
Let n(q) = -5*q**3 - 371*q**2 - 132*q - 4293. Determine n(-74).
-1
Let i(f) = -4*f**2 + 3186*f + 95783. Give i(-29).
25
Let g(p) = -2*p**3 + 2202*p**2 + 65540*p - 5. Give g(-29).
-5
Let w(j) = -620*j**3 + 3*j**2 + 836*j + 841. Give w(-1).
628
Let g(a) = 5*a**2 + 1049*a - 10482. What is g(10)?
508
Let f(z) = -285508*z - 15131933. What is f(-53)?
-9
Let f(z) = z**3 - 22*z**2 - 714*z + 1258. Determine f(-19).
23
Let o(d) = 112*d**3 - 900*d**2 + 81*d - 609. Give o(8).
-217
Let v(t) = 35*t**2 + 772*t - 761. Determine v(-23).
-2
Let f(w) = 4*w**2 - 1045*w + 128. What is f(261)?
-133
Let a(k) = 23*k - 382. Calculate a(30).
308
Let b(u) = -u**3 + 16*u**2 - 12633*u + 151007. Determine b(12).
-13
Let f(v) = 7*v**2 - 390*v - 13127. Determine f(-24).
265
Let x(g) = -2*g**3 - 1190*g**2 - 40251*g - 1678. Determine x(-559).
-1
Let m(y) = -245*y**2 + 496*y - 18. Give m(2).
-6
Let v(k) = -12434*k - 62171. Give v(-5).
-1
Let n(i) = -2*i**2 + 3060*i + 122421. Determine n(-39).
39
Let i(n) = n**2 + 37696*n + 866485. What is i(-23)?
6
Let u(w) = -13735*w + 3200258. What is u(233)?
3
Let k(z) = -z**3 - 1056*z**2 - 3213*z - 153. Give k(-3).
9
Let c(g) = -g**3 + 28*g**2 - 27*g - 198. Give c(25).
1002
Let n(b) = -126*b + 40782. Give n(324).
-42
Let v(t) = -2*t**3 - 578*t**2 - 571*t + 1436. Give v(-288).
-4
Let i(q) = 166*q - 42071. What is i(240)?
-2231
Let x(h) = 4262*h + 22282. Give x(-5).
972
Let y(w) = -2*w**3 + 95*w**2 - 133*w + 94. Give y(46).
324
Let w(g) = -g**3 + 43*g**2 + 860*g + 480. What is w(58)?
-100
Let w(x) = -4724*x + 363918. Give w(77).
170
Let n(q) = -123*q**3 - 595*q**2 + 32*q + 11. Determine n(-5).
351
Let o(c) = -3*c**2 + 55920*c - 559262. Determine o(10).
-362
Let v(q) = 61254*q**2 + 3675240*q - 4. What is v(-60)?
-4
Let p(u) = 35*u**3 - 12*u**2 - 42*u - 33. What is p(-1)?
-38
Let l(a) = -4*a**3 - 340*a**2 - 16*a - 1364. What is l(-85)?
-4
Let q(t) = -t**3 - 15*t**2 - 175*t - 1774. What is q(-10)?
-524
Let x(b) = b**3 - 1326*b**2 + 68696*b - 10184. What is x(1272)?
-8
Let b(p) = 11*p**2 + 3101*p - 18653. Calculate b(6).
349
Let p(k) = 954*k - 64317. Determine p(70).
2463
Let s(z) = 20*z**2 + 357*z + 1517. Give s(-12).
113
Let i(u) = 305*u + 23558. Determine i(-77).
73
Let h(m) = -1122*m - 12933. Determine h(-11).
-591
Let v(u) = u**3 - 156*u**2 + 1866*u - 220. Give v(143).
781
Let d(o) = -o**3 + 45*o**2 - 366*o + 24488. Give d(48).
8
Let v(o) = 21242*o**2 - 318637*o + 93. Determine v(15).
-12
Let k(p) = 4*p**2 - 273*p - 10578. Give k(96).
78
Let g(n) = -2*n**3 + 199*n**2 - 2400*n + 25. Calculate g(14).
-59
Let o(q) = 9*q**2 + 3906*q - 11746. What is o(3)?
53
Let j(b) = -b**2 - 517*b + 2450160. Determine j(1328).
0
Let z(p) = 96*p - 10242. Determine z(107).
30
Let l(b) = -29*b + 1904. Give l(61).
135
Let f(z) = 28*z**2 + 2480*z - 62375. Determine f(-109).
-27
Let h(y) = -69*y - 7018. Determine h(-111).
641
Let q(w) = 16590*w + 99499. Determine q(-6).
-41
Let u(a) = 209*a**2 - 13973*a - 2019. What is u(67)?
-9
Let h(b) = b**2 - 3869*b + 276876. What is h(73)?
-232
Let w(n) = 28*n**2 - 1456*n + 18175. Give w(21).
-53
Let m(w) = -616*w - 4934. Determine m(-8).
-6
Let f(j) = -j**3 + 16*j**2 - 59*j + 48. Determine f(3).
-12
Let r(m) = -891*m + 7176. Give r(8).
48
Let k(n) = 21*n**2 - 1772*n + 10645. Determine k(6).
769
Let v(g) = -g**3 - 3*g**2 + 5*g + 36. Calculate v(-8).
316
Let y(a) = 3643*a + 58372. Give y(-16).
84
Let k(v) = 3*v**2 + 730*v - 22489. What is k(-271)?
4
Let u(f) = -f**3 - 28*f**2 + 3*f + 1372. Calculate u(-26).
-58
Let p(k) = k**2 - 955. Determine p(-44).
981
Let a(w) = 3166*w + 7424. Give a(-2).
1092
Let r(u) = -2287*u - 386499. Give r(-169).
4
Let m(k) = -3537*k - 1736659. Determine m(-491).
8
Let n(h) = -12*h**3 - 129*h**2 - 327*h - 2267. Determine n(-7).
-2183
Let l(h) = -2*h**2 - 20*h + 265. What is l(-14)?
153
Let j(h) = -266*h**2 - 1676*h - 476. Calculate j(-6).
4
Let q(h) = 111270*h - 31823223. Calculate q(286).
-3
Let j(b) = 17362*b + 121365. Calculate j(-7).
-169
Let w(y) = 7*y**2 - 1248*y + 9. What is w(178)?
-347
Let t(o) = 6*o**2 - 351*o + 3305. What is t(47)?
62
Let h(z) = -17*z**2 - 5030*z + 562. Calculate h(-296).
-30
Let k(b) = -1173*b - 80231. Calculate k(-68).
-467
Let v(x) = -32*x**2 - 430*x + 430. Determine v(1).
-32
Let c(y) = -9408*y - 235271. What is c(-25)?
-71
Let p(t) = 189*t - 2066. Determine p(10).
-176
Let h(s) = 2082*s - 14952. What is h(7)?
-378
Let n(r) = -5*r**2 - 28427*r + 113746. Give n(4).
-42
Let a(i) = -242*i + 9619. Calculate a(41).
-303
Let r(o) = 110*o**2 + 9344*o - 503. Give r(-85).
7
Let v(k) = 231660*k + 926629. What is v(-4)?
-11
Let p(n) = -156*n - 13952. Determine p(-101).
1804
Let q(v) = 71*v**3 - 7*v**2 - 136*v + 141. Determine q(1).
69
Let r(p) = -21464*p - 1395155. Give r(-65).
5
Let b(g) = 17*g**2 - 122*g - 37. What is b(-3)?
482
Let g(k) = -3*k**2 + 1057*k + 34362. What is g(-30)?
-48
Let v(t) = 918*t + 334154. Calculate v(-364).
2
Let i(f) = -4827*f + 44132. What is i(9)?
689
Let l(d) = d**2 + 9*d - 353. Determine l(16).
47
Let p(s) = s**3 - 11*s**2 - 270*s + 3060. Determine p(12).
-36
Let u(q) = -2*q**2 - 61*q - 910. Give u(